4, what is 20213232 - -1012?
20220310
In base 6, what is 10 + 114002432?
114002442
In base 10, what is 638 + -40460?
-39822
In base 8, what is 7 + 101003371?
101003400
In base 3, what is -10021210011112221 + 20?
-10021210011112201
In base 8, what is 152604 + 11402?
164206
In base 3, what is 220212021 - -122011121?
1120000212
In base 2, what is 11011111111010 + 1100111?
11100001100001
In base 12, what is -15957 + -3803?
-1955a
In base 13, what is 3694 - 2607?
108a
In base 5, what is -3 - -113221314?
113221311
In base 12, what is -378a0 + -125?
-37a05
In base 9, what is 3176 + -87614?
-84427
In base 8, what is 222 + 10256012?
10256234
In base 11, what is 2352289 - -1?
235228a
In base 3, what is 1002222012000 - 211?
1002222011012
In base 3, what is -11222011200211202 + 101?
-11222011200211101
In base 11, what is 0 - -1456190a?
1456190a
In base 8, what is -2 - -10422155?
10422153
In base 11, what is -1 - 31854694?
-31854695
In base 16, what is -2b60e + -e?
-2b61c
In base 4, what is -31313100 - -3030?
-31310010
In base 15, what is 13c6 - 1a227?
-18d51
In base 7, what is 43 + 1336263?
1336336
In base 9, what is 3 + -246651830?
-246651826
In base 7, what is 1 - 4642541?
-4642540
In base 12, what is 7 + -310593?
-310588
In base 8, what is 663547 - -1?
663550
In base 11, what is -2 + 2316642?
2316640
In base 4, what is 12330 + 2130203?
2203133
In base 6, what is 110033 - -1124?
111201
In base 2, what is 1100100100111000 - 1110110?
1100100011000010
In base 14, what is 233 + 13c9?
161c
In base 11, what is 2565555 - 24?
2565531
In base 2, what is 101 - -10111101010000111011100?
10111101010000111100001
In base 10, what is 430975 - -5?
430980
In base 9, what is 820247 + -70?
820167
In base 15, what is 5 + 2c62e50?
2c62e55
In base 7, what is -4352345 - 23?
-4352401
In base 2, what is -101010 - -100010110001111001001001?
100010110001111000011111
In base 14, what is 76676b + -2d?
76673c
In base 8, what is -33 + -2450437?
-2450472
In base 13, what is -a6868 - -b0?
-a6788
In base 14, what is 2 + 17d26a21?
17d26a23
In base 8, what is -511 - 27343?
-30054
In base 2, what is -10011111 + 11100010101001100?
11100010010101101
In base 3, what is -120221011212200 + -21?
-120221011212221
In base 3, what is 21212211202201 - 10?
21212211202121
In base 15, what is -2a72386 + 4?
-2a72382
In base 10, what is 3 - -2526572?
2526575
In base 2, what is -10001010001000 + -100001100001010101?
-100011101011011101
In base 13, what is -27 - -29700?
296a6
In base 5, what is -3112 - 31041420?
-31100032
In base 6, what is 1301203000 + 1?
1301203001
In base 7, what is 0 - -132242305?
132242305
In base 7, what is 1 - -54332410?
54332411
In base 6, what is 1524353 - 15400?
1504553
In base 11, what is -35 + 20a32?
209a8
In base 5, what is -2104 + 1104122?
1102013
In base 2, what is 111001101111101 + 1010111?
111001111010100
In base 3, what is 110 - 11002201010212?
-11002201010102
In base 2, what is 10011000100110111111010111011 - 0?
10011000100110111111010111011
In base 3, what is -21011220011110 - 2200?
-21011220021010
In base 13, what is -4 - 3329a8?
-3329ac
In base 7, what is -1603 + -1626?
-3532
In base 12, what is 2137 - 385?
1972
In base 9, what is 253716 + -241?
253465
In base 2, what is 0 - -10101111101010101010010?
10101111101010101010010
In base 15, what is 2b - -1dbcb6?
1dbce2
In base 16, what is -3 - 1e972c?
-1e972f
In base 11, what is 1319 - -18?
1336
In base 15, what is 5ccb + -d4d?
4e7d
In base 2, what is -101101100110111100101000011 - 0?
-101101100110111100101000011
In base 4, what is 2011122302 + -13?
2011122223
In base 7, what is -1515 - 554003?
-555521
In base 16, what is -251c26 - -7?
-251c1f
In base 16, what is -99912e - 4?
-999132
In base 5, what is 4 - -2011113411?
2011113420
In base 6, what is 103204 - 331455?
-224251
In base 8, what is -41130 - -362?
-40546
In base 10, what is -22078999 + -1?
-22079000
In base 15, what is 1c4 + -11bd8?
-11a14
In base 12, what is 591 + 2a6540?
2a6b11
In base 14, what is -1 - 14626360?
-14626361
In base 14, what is 182a5640 + -2?
182a563c
In base 8, what is -1 - -11255747?
11255746
In base 16, what is 14562 + -ce?
14494
In base 7, what is -345 - 130136?
-130514
In base 13, what is 12604c - -8?
126057
In base 7, what is -1261 + 10460622?
10456331
In base 11, what is -64 + -1023042?
-10230a6
In base 10, what is -10038 - 703?
-10741
In base 10, what is 25477 - 348?
25129
In base 2, what is 1011111010111111110 + 0?
1011111010111111110
In base 8, what is 4106705 + -77?
4106606
In base 14, what is -9 - 123349a?
-12334a5
In base 7, what is 203334446 + 4?
203334453
In base 5, what is 322 - 1104303112?
-1104302240
In base 6, what is -41514210 + -20?
-41514230
In base 16, what is 3d - 716d7c?
-716d3f
In base 7, what is 201345 - 236?
201106
In base 7, what is 125 - -3232452?
3232610
In base 6, what is 321234513505 - 4?
321234513501
In base 3, what is -1020 - -210210201?
210202111
In base 7, what is -15 + -14021?
-14036
In base 5, what is -31431344241 + 0?
-31431344241
In base 8, what is 512567013 + 3?
512567016
In base 7, what is -115614 + 440?
-115144
In base 11, what is 68 + -5411?
-5354
In base 5, what is -43100 + -3134032?
-3232132
In base 2, what is -1 - 10000011001010001101100?
-10000011001010001101101
In base 14, what is -6bb + 4a?
-671
In base 16, what is -12 - 5e740?
-5e752
In base 5, what is -2041 + 1100133431?
1100131340
In base 2, what is 10010101100 + -1000111111100?
-110101010000
In base 12, what is -19 - 38044?
-38061
In base 14, what is 1506 - 3d32?
-282a
In base 8, what is -173711 + 207?
-173502
In base 12, what is -273 + 3558?
32a5
In base 2, what is 10100101110000000100100011 + -110?
10100101110000000100011101
In base 10, what is 4 + -18721544?
-18721540
In base 10, what is -5 + -16119616?
-16119621
In base 16, what is -478 - -15a0?
1128
In base 10, what is 81 + 95747?
95828
In base 6, what is 3 + -3054151404?
-3054151401
In base 4, what is 20112312 + 12202?
20131120
In base 7, what is -313216 + -50?
-313266
In base 12, what is -3 + 941871?
94186a
In base 7, what is 661166 + 30243?
1021442
In base 12, what is -1299 + 35a5b?
34782
In base 14, what is 8051cc - 3?
8051c9
In base 9, what is -230011 + -50?
-230061
In base 8, what is -3415210 + 24?
-3415164
In base 10, what is -1199144 - -1?
-1199143
In base 5, what is 12 - 1420110234?
-1420110222
In base 6, what is -3145522315 + 4?
-3145522311
In base 9, what is 5 + -2047727?
-2047722
In base 10, what is -1111 - 8376?
-9487
In base 15, what is 2a681d3 + -1b?
2a681b7
In base 6, what is 225145410 - 3?
225145403
In base 8, what is -44664 - -2245?
-42417
In base 3, what is 1122102101221220011 - -1?
1122102101221220012
In base 13, what is -66b271 + -2?
-66b273
In base 2, what is 110 - -1101001010100110100?
1101001010100111010
In base 7, what is 6 - 63035401?
-63035362
In base 13, what is -44 + bc683?
bc63c
In base 7, what is -2 - 2246306?
-2246311
In base 7, what is 1530 + -11014155?
-11012325
In base 12, what is 256 + 172?
408
In base 7, what is 10115 + -54615?
-44500
In base 4, what is 10 + -3000002022321?
-3000002022311
In base 5, what is -4 - -1120323003?
1120322444
In base 14, what is 7d5 - 227?
5ac
In base 9, what is 4 + -264362?
-264357
In base 4, what is -201310 + -301231230?
-302033200
In base 8, what is 13341 - -5122?
20463
In base 6, what is -30 + -5050?
-5120
In base 8, what is 0 + -124645544?
-124645544
In base 2, what is -1001010111001111000011010111 + -11?
-1001010111001111000011011010
In base 13, what is b - 1c56b3?
-1c56a5
In base 4, what is 2212001 - 10301?
2201100
In base 11, what is -12109372 + 54?
-12109319
In base 14, what is 5 + cd8ca4?
cd8ca9
In base 12, what is -2997944 + -a7?
-2997a2b
In base 8, what is -22 - -12105?
12063
In base 4, what is -3 - 210312102012?
-210312102021
In base 3, what is 22 - 10022211111020?
-10022211110221
In base 6, what is -1450 - 50541?
-52431
In base 6, what is 55 - 10334522?
-10334423
In base 11, what is -23 - 28a470?
-28a493
In base 15, what is 14c4 + 3c43?
5217
In base 14, what is 2916 + 850?
3366
In base 14, what is -77 + -2425?
-249c
In base 16, what is -46505ea + -5?
-46505ef
In base 4, what is -103231033 - -130122?
-103100311
In base 9, what is -2 - -65633484?
65633482
In base 3, what is 101120 - -120012002022?
120012110212